{"id":10,"date":"2020-12-30T11:09:31","date_gmt":"2020-12-30T10:09:31","guid":{"rendered":"http:\/\/atpcsm.be\/?page_id=10"},"modified":"2021-01-11T20:14:46","modified_gmt":"2021-01-11T19:14:46","slug":"qui-sommes-nous","status":"publish","type":"page","link":"https:\/\/atpcsm.be\/index.php\/qui-sommes-nous\/","title":{"rendered":"Qui sommes-nous?"},"content":{"rendered":"\n<p><strong>Salle des Profs\u2026 Un papier dans les casiers\u2026<\/strong><\/p>\n\n\n\n<p>26 octobre 1979. F\u00e9ru de th\u00e9\u00e2tre, Etienne Smoes, glisse une lettre dans les casiers de la Salle des Professeurs, invitant les coll\u00e8gues \u00e0 se lancer dans une aventure th\u00e9\u00e2trale. Une premi\u00e8re r\u00e9union rassemble enthousiastes passionn\u00e9s et ind\u00e9cis curieux. \u00ab&nbsp;<strong>L\u2019Atelier Th\u00e9\u00e2tre des Professeurs du Coll\u00e8ge Saint-Michel<\/strong>&nbsp;\u00bb est n\u00e9. Le choix se porte sur \u00ab&nbsp;<em>Caviar ou Lentilles<\/em>&nbsp;\u00bb une com\u00e9die de Scarnicci et Tarabusi. La jeune \u00e9quipe qui a tout \u00e0 apprendre fait appel \u00e0 un metteur en sc\u00e8ne professionnel&nbsp;: Andr\u00e9 Navez. La \u00ab&nbsp;premi\u00e8re&nbsp;\u00bb a lieu le <strong>vendredi 13 mars 1981<\/strong> dans la \u00ab&nbsp;Grande Salle&nbsp;\u00bb du Coll\u00e8ge.<\/p>\n\n\n\n<p><strong>On s\u2019organise\u2026<\/strong><\/p>\n\n\n\n<p>Rassur\u00e9e par cette premi\u00e8re exp\u00e9rience, la jeune troupe d\u00e9cide de poursuivre l\u2019aventure\u2026 et installe pendant quelques ann\u00e9es ses tr\u00e9teaux au Sacr\u00e9-C\u0153ur de Linthout&nbsp;: les conditions de location et le volume de la salle permettent de multiplier le nombre de repr\u00e9sentations. La cr\u00e9ation de la Salle Polyvalente au-dessus du nouveau b\u00e2timent de l\u2019Ecole Primaire signera le retour d\u00e9finitif de la troupe dans les murs du coll\u00e8ge<\/p>\n\n\n\n<p>Un organe de direction se met en place&nbsp;: le D.R.A.M.E., n\u00e9 de la juxtaposition des initiales du premier comit\u00e9 (<strong><u>D<\/u><\/strong>any Ramon, <strong><u>R<\/u><\/strong>oland Bekkers, <strong><u>A<\/u><\/strong>nne Marie Hobin, <strong><u>M<\/u><\/strong>arc Bourdoux et <strong><u>E<\/u><\/strong>liane Sury).<\/p>\n\n\n\n<p>La troupe s\u2019affilie \u00e0 la FNCD (F\u00e9d\u00e9ration Nationale des Compagnies Dramatiques) et participe \u00e0 la fondation de l\u2019ABCD (Association Bruxelloise et Braban\u00e7onne des Compagnies Dramatiques), une mani\u00e8re de s\u2019int\u00e9grer \u00e0 la vitalit\u00e9 du th\u00e9\u00e2tre d\u2019amateurs, de rencontrer d\u2019autres compagnies, de partager, de s\u2019entraider.<\/p>\n\n\n\n<p>Roland Bekkers signe de nombreuses mises en sc\u00e8ne et assure la pr\u00e9sidence pendant une quinzaine d\u2019ann\u00e9es avant de c\u00e9der le flambeau \u00e0 Anne Marie Hobin. Cette derni\u00e8re passera le t\u00e9moin \u00e0 Carine Moucharte en 2008&nbsp;&nbsp;<\/p>\n\n\n\n<p><strong>Ouvrir les horizons\u2026<\/strong><\/p>\n\n\n\n<p>Implant\u00e9 dans le coll\u00e8ge, fid\u00e8le \u00e0 la tradition j\u00e9suite, l\u2019ATPCSM propose un large \u00e9ventail de pi\u00e8ces \u00e0 son public compos\u00e9 en grande partie d\u2019\u00e9l\u00e8ves&nbsp;: classiques et contemporaines, sujets l\u00e9gers et audacieux, com\u00e9dies et textes forts, cr\u00e9ations\u2026) Divertir et \u00e9duquer sont les ma\u00eetres-mots<\/p>\n\n\n\n<p>Les hasards des disponibilit\u00e9s ou des distributions ouvrent progressivement les portes aux \u00e9l\u00e8ves, anciens, amis et connaissances. A ce jour, plus de 350 personnes ont particip\u00e9 activement en tant que com\u00e9dien(ne)s, r\u00e9gisseur(euse)s, costumier(\u00e8re)s, d\u00e9corateur(trice)s, petites mains\u2026<\/p>\n\n\n\n<p>Soucieux d\u2019apprendre et de pr\u00e9senter des spectacles de qualit\u00e9, l\u2019ATPCSM&nbsp; fait appel \u00e0 des metteurs en sc\u00e8ne professionnels (Michel Poncelet, Bernard Lefrancq, Bernard Marbaix, Muriel Clairembourg, Boris Prager), confie des mises en sc\u00e8nes \u00e0 des \u00ab&nbsp;anciens&nbsp;\u00bb qui deviendront professionnels, organise des formations internes et encourage ses membres \u00e0 participer aux stages organis\u00e9s par l\u2019ABCD et la FNCD. &nbsp;<\/p>\n\n\n\n<p>La F\u00e9d\u00e9ration Nationale permettra aussi de go\u00fbter \u00e0 la d\u00e9centralisation et de participer \u00e0 des Festivals internationaux\u00a0: Festival XIII \u00e0 Paris (<em>Veill\u00e9e fun\u00e8bre <\/em>\u2013 1994 et <em>La Serva amorosa<\/em> \u2013 1997), Festival international de Hronov en Tch\u00e9quie (<em>Veill\u00e9e fun\u00e8bre<\/em> \u2013 1995). Mais c&rsquo;est avec\u00a0<em>C\u00e9lim\u00e8ne et le Cardinal<\/em>\u00a0(1998<strong>)\u00a0<\/strong>que notre atelier conna\u00eet son plus gros succ\u00e8s\u00a0: 40 repr\u00e9sentations dont des repr\u00e9sentations en France\u00a0(soir\u00e9e d&rsquo;ouverture de la remise des Masques\u00a0d&rsquo;Or \u00e0 Aix-Les-Bains et Festival de Th\u00e9\u00e2tre Amateur de Narbonne<strong>)\u00a0<\/strong>et au Maroc\u00a0(Festival International de Th\u00e9\u00e2tre Amateur de Beni\u00a0Mellal).<\/p>\n\n\n\n<p>L\u2019ATPCSM a \u00e9galement eu le privil\u00e8ge d\u2019\u00eatre sollicit\u00e9 par deux structures professionnelles afin de rejoindre leur programmation. Le spectacle <em>Bent<\/em> fut ainsi rejou\u00e9 2 soirs au Festival Bruxellons en juillet 2017 et 10 soirs au Th\u00e9\u00e2tre Le Public \u00e0 Bruxelles en janvier 2019.<\/p>\n\n\n\n<p>Afin de profiter de l\u2019\u00e9clairage pertinent d\u2019un jury de sp\u00e9cialistes, l\u2019ATPCSM participe r\u00e9guli\u00e8rement au tournoi de la CoCoF, au tournoi du festival Bruxellons et au Troph\u00e9e Royal. La troupe y a \u00e9t\u00e9 distingu\u00e9e \u00e0 plusieurs reprises.<\/p>\n","protected":false},"excerpt":{"rendered":"<p>Salle des Profs\u2026 Un papier dans les casiers\u2026 26 octobre 1979. F\u00e9ru de th\u00e9\u00e2tre, Etienne Smoes, glisse une lettre dans les casiers de la Salle des Professeurs, invitant les coll\u00e8gues \u00e0 se lancer dans une aventure th\u00e9\u00e2trale. Une premi\u00e8re r\u00e9union rassemble enthousiastes passionn\u00e9s et ind\u00e9cis curieux. \u00ab&nbsp;L\u2019Atelier Th\u00e9\u00e2tre des Professeurs du Coll\u00e8ge Saint-Michel&nbsp;\u00bb est n\u00e9.<\/p><\/div>\n<div class=\"blog-btn\"><a href=\"https:\/\/atpcsm.be\/index.php\/qui-sommes-nous\/\" class=\"home-blog-btn\">Lire la suite<\/a><\/p>\n","protected":false},"author":2,"featured_media":0,"parent":0,"menu_order":0,"comment_status":"closed","ping_status":"closed","template":"","meta":[],"_links":{"self":[{"href":"https:\/\/atpcsm.be\/index.php\/wp-json\/wp\/v2\/pages\/10"}],"collection":[{"href":"https:\/\/atpcsm.be\/index.php\/wp-json\/wp\/v2\/pages"}],"about":[{"href":"https:\/\/atpcsm.be\/index.php\/wp-json\/wp\/v2\/types\/page"}],"author":[{"embeddable":true,"href":"https:\/\/atpcsm.be\/index.php\/wp-json\/wp\/v2\/users\/2"}],"replies":[{"embeddable":true,"href":"https:\/\/atpcsm.be\/index.php\/wp-json\/wp\/v2\/comments?post=10"}],"version-history":[{"count":4,"href":"https:\/\/atpcsm.be\/index.php\/wp-json\/wp\/v2\/pages\/10\/revisions"}],"predecessor-version":[{"id":254,"href":"https:\/\/atpcsm.be\/index.php\/wp-json\/wp\/v2\/pages\/10\/revisions\/254"}],"wp:attachment":[{"href":"https:\/\/atpcsm.be\/index.php\/wp-json\/wp\/v2\/media?parent=10"}],"curies":[{"name":"wp","href":"https:\/\/api.w.org\/{rel}","templated":true}]}}